ided by 6?
4
Let j be 24*(100/16)/5. Suppose z + 2*z - 38 = v, -2*z + j = -3*v. Calculate the remainder when 33 is divided by z.
9
Let a(y) = -20*y + 1. Let o be a(-1). Calculate the remainder when (-6)/o - 484/(-28) is divided by -2 - 0 - (-33)/3.
8
Let b be ((-4)/10)/((-2)/15). Suppose -5*c + 37 = 3*u, -6*u + 20 = b*c - 2*u. What is the remainder when 31 is divided by c?
7
Suppose i = 4*j - 260 - 11, 0 = 4*j + i - 273. Calculate the remainder when 268 is divided by j.
64
Let g be 389 + (-2)/(1 + -3). Suppose 5*m = g + 20. Suppose 6*i - m = 14. What is the remainder when i is divided by 6?
4
Let m(g) = -5*g**2 + 8*g + 6. Let y be m(-6). Let v = -387 - y. What is the remainder when 4/(-7) + v/(-7) is divided by 9?
5
Let s(y) be the first derivative of 3*y**2 + 52*y + 13. Calculate the remainder when s(7) is divided by 32.
30
Let l = 329 - 252. Calculate the remainder when l is divided by 4.
1
Let a = -256 + 265. What is the remainder when 115 is divided by a?
7
Let z(x) be the first derivative of x**4/4 - 10*x**3/3 + 11*x**2/2 - 5*x - 25. What is the remainder when z(10) is divided by 9/((-10)/6 - -2)?
24
Let a = -22 + 22. Suppose 3*y = -3*s - 66, a = 2*y + y - 5*s + 34. Let b = 66 + y. Calculate the remainder when b is divided by 10.
8
Suppose 10 + 2 = -2*q. Let u = q + 14. Suppose 2*g + u = 26. What is the remainder when 33 is divided by g?
6
Let y(n) = n**2 - 10*n - 45. Calculate the remainder when y(15) is divided by 18.
12
Let s = 37 + -37. Suppose s = 23*a - 27*a + 392. What is the remainder when a is divided by 34?
30
Suppose -16*y = -571 + 299. What is the remainder when 269 is divided by y?
14
Suppose 264 = 48*r - 504. Let y be (5/(-4))/(1/(-4)). Suppose -3*m - 5*g = -27, y*m = m - g + 36. What is the remainder when r is divided by m?
7
Suppose 0 = -2*p - 3*z + 190, 19*p + 2*z = 16*p + 275. Calculate the remainder when p is divided by 31.
27
Let q(m) = -m**3 - 4*m**2 + 6*m + 10. Let x be q(-5). Suppose -x*c + 88 = -c. What is the remainder when 86 is divided by c?
20
Suppose -o + 5 = -5. Calculate the remainder when 57*12/18 + 3 - -7 is divided by o.
8
Suppose 14 = 4*y - 2*y. Suppose -3*i = -y*i + 316. Suppose -4*m + 5*l + 41 = -i, -3*m + 2*l + 83 = 0. Calculate the remainder when m is divided by 13.
12
Suppose 0 = q + 3*m + 17, -q = 3*q - 3*m - 7. Let k = -39 + 146. Calculate the remainder when k is divided by (27/(-2))/(1/q).
26
Suppose -3*g + 21 = 3*h, -4*g - h + 19 = -g. Calculate the remainder when 27 is divided by g.
3
Let m(i) = -i**3 + 5*i**2 + 35*i + 78. What is the remainder when m(-6) is divided by 60?
24
Let d(q) = -q**2 - 14*q - 6. Let w(f) = 6*f + 5. Let i be w(-3). What is the remainder when 39 is divided by d(i)?
4
Calculate the remainder when 49 is divided by 11/((-22)/(-4)) - -11.
10
Suppose -3*b = 51 - 735. Calculate the remainder when b is divided by 3/(-2)*2944/(-96).
44
Let s(l) = -50*l - 23. Calculate the remainder when 65 is divided by s(-1).
11
Suppose 2*r - 74 = -2*i + 178, -3*i + 509 = 4*r. Calculate the remainder when r is divided by 33.
32
Suppose -22*d - 5130 = -112*d. Calculate the remainder when 681 is divided by d.
54
Let a(p) = 30*p - 185. What is the remainder when 94 is divided by a(7)?
19
Let y = -11 - -8. Let f(t) = 8*t**2 - 3*t + 1. Calculate the remainder when f(y) is divided by (-4 + 0 - -2) + 23.
19
Let x be 1*((-5)/(-1))/(-5). Let p = 8 + x. Let v(i) = -i**3 + 9*i**2 - 10*i - 9. Calculate the remainder when 37 is divided by v(p).
18
Suppose -q + 2*a = -301, -1736 = -4*q - a - 523. Calculate the remainder when q is divided by 43.
2
Suppose 6*s - s = 20. Suppose 0 = s*i - i - 5*o - 63, 3*i - 72 = 2*o. What is the remainder when 129 is divided by i?
25
Suppose -3*k - 3*s + 99 = 0, -5*k + 6*k + 3*s = 43. Let d = -295 + 303. Calculate the remainder when k is divided by d.
4
Suppose 161 + 245 = 4*t + 2*m, 309 = 3*t + 3*m. What is the remainder when t is divided by 23?
8
Suppose -183*h = -153*h - 71 - 799. What is the remainder when 24*(9/2 - 1) is divided by h?
26
Suppose -4*r + r - 125 = -2*i, 5*i - 3*r = 317. Calculate the remainder when 190 is divided by i.
62
Let o = 41 - 12. Let a = 95 + -90. What is the remainder when o is divided by a?
4
Suppose -2*l + 79 = -145. Let b = l + -72. Suppose -t + b = 4*t. What is the remainder when 15 is divided by t?
7
Calculate the remainder when -7 + 4888/(1 + 7) is divided by 55.
54
Suppose 4*b = f + 15 + 167, 2*b + 5*f - 80 = 0. What is the remainder when 223 is divided by b?
43
Suppose 3*x - 140 = -k + 67, -2*x + 4*k = -152. What is the remainder when x is divided by 13?
5
Let r(u) = -u**3 - 11*u**2 + 19*u + 90. Calculate the remainder when 11 is divided by r(-12).
5
Let y(i) = -i**3 - 9*i**2 + 19*i - 27. What is the remainder when 25 is divided by y(-11)?
1
Suppose 0 = 4*v - 493 + 405. What is the remainder when 63 is divided by v?
19
Let y(n) = 9 - 13*n - 2 - 4 - 24*n. Calculate the remainder when y(-1) is divided by (38*-1)/(-2) + 2.
19
Let l(j) = -9*j**3 + 4*j**2 - 3*j - 10. Let o be l(-4). Let r be o/(-22) + 12/66. Let t = 50 + r. What is the remainder when t is divided by 6?
3
Calculate the remainder when ((-18)/8)/((-139)/11676) is divided by 53.
30
What is the remainder when 75 - 1/((-9)/54) is divided by 38?
5
Let h = 955 + -813. What is the remainder when h is divided by 61?
20
Let k = 733 - 724. Calculate the remainder when 66 is divided by k.
3
Let l = 282 - 274. What is the remainder when 10 is divided by l?
2
Suppose -2*v + y = -v - 179, 0 = 2*y + 6. Suppose -7*k + 11*k = v. Calculate the remainder when 219 is divided by k.
43
Suppose 31*s = 6701 + 11558. Calculate the remainder when s is divided by 22.
17
Suppose 0 = x - 78 - 6. Let o = 89 - x. Calculate the remainder when 37 is divided by o.
2
Suppose -66*i = 5*q - 67*i - 111, -43 = -q - 5*i. What is the remainder when 126 is divided by q?
11
Suppose 22*q - 292 = -116. Suppose -r + 2*b = -5*r + 6, 0 = -2*r - 2*b. Suppose -n = r*n - 56. Calculate the remainder when n is divided by q.
6
Let g = -139 + 168. What is the remainder when 131 is divided by g?
15
What is the remainder when 193 is divided by 69/(-21) - -3 - 2616/(-42)?
7
Suppose -l - 109 + 8 = -u, -2*l = 2*u - 214. What is the remainder when u is divided by 7/((-35)/(-73)) + 6/15?
14
Suppose 79 = -6*c + 649. Let n = c - 60. Calculate the remainder when n is divided by 13.
9
Calculate the remainder when 166 is divided by (((-1824)/40)/3)/((-4)/10).
14
Suppose -2 = 4*x - 82. Suppose 2*m + 3*m - 3*r = 169, -4*r = 5*m - 183. What is the remainder when m is divided by x?
15
Suppose -2*w - 2*p = -74, -3*w - 4*p - 74 = -5*w. What is the remainder when w is divided by 19?
18
Let v(g) = -35*g**2 + g + 5. Let p(l) = -52*l**2 + l + 8. Let q(j) = -5*p(j) + 7*v(j). Calculate the remainder when q(-2) is divided by 18.
15
Let x(q) = 27*q - 16. Let f(m) = 9*m**2 + m - 3. Let t be f(1). Calculate the remainder when x(t) is divided by 35.
33
Suppose -5*z + 7 = 32, 4*w = 5*z - 71. Let r = 26 + -20. What is the remainder when 59 is divided by 54/w*(-32)/r?
11
Let r(a) be the second derivative of -a**3/6 + 8*a**2 + 22*a. Calculate the remainder when 35 is divided by r(-2).
17
Suppose 3*t + 2*t + 155 = 5*h, -4*h - 4*t + 116 = 0. What is the remainder when -1*(0 + 3) - -90 is divided by h?
27
Let d be (-1)/(-8) - (-60)/32. Suppose d*v = -2*v + 248. Calculate the remainder when v is divided by 16.
14
Let n(i) = -2*i**2 - 106*i + 105. What is the remainder when n(-37) is divided by 30?
29
Suppose 2*o + 30 = 7*o. Suppose -5*g - 2*y + 225 = 0, -o = y - 1. Calculate the remainder when g is divided by 8.
7
Let c be 5 + (-80)/((-8)/2). Suppose 2*a = -3*a + c, -a + 465 = 5*x. What is the remainder when x is divided by 32?
28
Let j(k) = -2*k - 2*k - 2*k**2 - 1 + 2*k - k**3 - k. What is the remainder when j(-4) is divided by 15?
13
Suppose -4*i - 8 = -5*i. Suppose 4 = 4*t, i*h = 3*h + 3*t - 28. Let u = 7 + h. What is the remainder when 8 is divided by u?
0
Suppose -606 = -6*p + 1098. What is the remainder when p is divided by 19?
18
Let l(t) = 2*t - 7. Let p be l(6). Suppose 5*r + 0*z - z = 52, -2*r + 30 = -p*z. Suppose r = f - 0*f. What is the remainder when 18 is divided by f?
8
Let g = -434 + 499. Calculate the remainder when g is divided by 14.
9
Let b(a) =